{"id":663,"date":"2024-06-18T19:22:17","date_gmt":"2024-06-18T22:22:17","guid":{"rendered":"https:\/\/daudt.com.br\/geb\/?page_id=663"},"modified":"2024-10-16T17:15:28","modified_gmt":"2024-10-16T20:15:28","slug":"balancos-contabeis-e-resultados-do-exercicio","status":"publish","type":"page","link":"https:\/\/daudt.com.br\/geb\/balancos-contabeis-e-resultados-do-exercicio\/","title":{"rendered":"Balan\u00e7os cont\u00e1beis e resultados do exerc\u00edcio"},"content":{"rendered":"\t\t<div data-elementor-type=\"wp-page\" data-elementor-id=\"663\" class=\"elementor elementor-663\">\n\t\t\t\t\t\t<section class=\"elementor-section elementor-top-section elementor-element elementor-element-24e7f382 elementor-section-boxed elementor-section-height-default elementor-section-height-default\" data-id=\"24e7f382\" data-element_type=\"section\" data-e-type=\"section\">\n\t\t\t\t\t\t<div class=\"elementor-container elementor-column-gap-default\">\n\t\t\t\t\t<div class=\"elementor-column elementor-col-100 elementor-top-column elementor-element elementor-element-28d00ea0\" data-id=\"28d00ea0\" data-element_type=\"column\" data-e-type=\"column\">\n\t\t\t<div class=\"elementor-widget-wrap elementor-element-populated\">\n\t\t\t\t\t\t<div class=\"elementor-element elementor-element-abdd162 elementor-widget elementor-widget-text-editor\" data-id=\"abdd162\" data-element_type=\"widget\" data-e-type=\"widget\" data-widget_type=\"text-editor.default\">\n\t\t\t\t<div class=\"elementor-widget-container\">\n\t\t\t\t\t\t\t\t\t\n<p>GEB_Balanco_Patrimonial_2014_ca.pdf<\/p>\n\n<p>GEB_Demonstrativo_de_superavit_ou_deficit_2014_ca.pdf<\/p>\n\n<p>GEB_Balanco_Patrimonial_2016.pdf<\/p>\n\n<p>GEB_Demonstracao_Resultado_2016.pdf<\/p>\n\n<p>GEB_DFC_Entidades_Sem_Fins_Lucrativos_2016.pdf<\/p>\n\n<p>GEB_Demontracao_Mutacoes_do_Patrimonio_Liquido_2016.pdf<\/p>\n\n<p>GEB_ECD &#8211; BP -Balan\u00e7o Patrimonial 2017.pdf<\/p>\n\n<p>GEB_ECD &#8211; DRE Demonstrativo Resultados Exerc. 2017.pdf<\/p>\n\n<p>GEB_ECD 2017 Recibo de transmiss\u00e3o.pdf<\/p>\n\n<p>GEB_Pecas_Contabeis_Notas_Explicativas_Exercicios_2017_2016.pdf<\/p>\n\n<p>GEB_Balanco_Patrimonial_2021_ca.pdf<\/p>\n\n<p>GEB_Balan\u00e7o_Patrimonial_2022.ca.pdf<\/p>\n\n<p>GEB_Parecer_Conselho_Fiscal_2022.ca.pdf<\/p>\n\n<p>GEB_Balan\u00e7o_Patrimonial_DRE_2023.pdf<\/p>\n\t\t\t\t\t\t\t\t<\/div>\n\t\t\t\t<\/div>\n\t\t\t\t\t<\/div>\n\t\t<\/div>\n\t\t\t\t\t<\/div>\n\t\t<\/section>\n\t\t\t\t<\/div>\n\t\t","protected":false},"excerpt":{"rendered":"<p>GEB_Balanco_Patrimonial_2014_ca.pdf GEB_Demonstrativo_de_superavit_ou_deficit_2014_ca.pdf GEB_Balanco_Patrimonial_2016.pdf GEB_Demonstracao_Resultado_2016.pdf GEB_DFC_Entidades_Sem_Fins_Lucrativos_2016.pdf GEB_Demontracao_Mutacoes_do_Patrimonio_Liquido_2016.pdf GEB_ECD &#8211; BP -Balan\u00e7o Patrimonial 2017.pdf GEB_ECD &#8211; DRE Demonstrativo Resultados Exerc. 2017.pdf GEB_ECD 2017 Recibo de transmiss\u00e3o.pdf GEB_Pecas_Contabeis_Notas_Explicativas_Exercicios_2017_2016.pdf GEB_Balanco_Patrimonial_2021_ca.pdf GEB_Balan\u00e7o_Patrimonial_2022.ca.pdf GEB_Parecer_Conselho_Fiscal_2022.ca.pdf GEB_Balan\u00e7o_Patrimonial_DRE_2023.pdf<\/p>\n","protected":false},"author":1,"featured_media":0,"parent":0,"menu_order":0,"comment_status":"closed","ping_status":"closed","template":"","meta":{"footnotes":""},"class_list":["post-663","page","type-page","status-publish","hentry"],"_links":{"self":[{"href":"https:\/\/daudt.com.br\/geb\/wp-json\/wp\/v2\/pages\/663","targetHints":{"allow":["GET"]}}],"collection":[{"href":"https:\/\/daudt.com.br\/geb\/wp-json\/wp\/v2\/pages"}],"about":[{"href":"https:\/\/daudt.com.br\/geb\/wp-json\/wp\/v2\/types\/page"}],"author":[{"embeddable":true,"href":"https:\/\/daudt.com.br\/geb\/wp-json\/wp\/v2\/users\/1"}],"replies":[{"embeddable":true,"href":"https:\/\/daudt.com.br\/geb\/wp-json\/wp\/v2\/comments?post=663"}],"version-history":[{"count":7,"href":"https:\/\/daudt.com.br\/geb\/wp-json\/wp\/v2\/pages\/663\/revisions"}],"predecessor-version":[{"id":1556,"href":"https:\/\/daudt.com.br\/geb\/wp-json\/wp\/v2\/pages\/663\/revisions\/1556"}],"wp:attachment":[{"href":"https:\/\/daudt.com.br\/geb\/wp-json\/wp\/v2\/media?parent=663"}],"curies":[{"name":"wp","href":"https:\/\/api.w.org\/{rel}","templated":true}]}}