{"id":641,"date":"2024-06-18T19:05:37","date_gmt":"2024-06-18T22:05:37","guid":{"rendered":"https:\/\/daudt.com.br\/geb\/?page_id=641"},"modified":"2024-10-16T17:41:48","modified_gmt":"2024-10-16T20:41:48","slug":"seja-voluntario","status":"publish","type":"page","link":"https:\/\/daudt.com.br\/geb\/seja-voluntario\/","title":{"rendered":"Seja volunt\u00e1rio"},"content":{"rendered":"\t\t<div data-elementor-type=\"wp-page\" data-elementor-id=\"641\" class=\"elementor elementor-641\">\n\t\t\t\t\t\t<section class=\"elementor-section elementor-top-section elementor-element elementor-element-547a992 elementor-section-boxed elementor-section-height-default elementor-section-height-default\" data-id=\"547a992\" data-element_type=\"section\" data-e-type=\"section\">\n\t\t\t\t\t\t<div class=\"elementor-container elementor-column-gap-default\">\n\t\t\t\t\t<div class=\"elementor-column elementor-col-100 elementor-top-column elementor-element elementor-element-2b0698a\" data-id=\"2b0698a\" data-element_type=\"column\" data-e-type=\"column\">\n\t\t\t<div class=\"elementor-widget-wrap elementor-element-populated\">\n\t\t\t\t\t\t<div class=\"elementor-element elementor-element-2e6c880 elementor-widget elementor-widget-heading\" data-id=\"2e6c880\" data-element_type=\"widget\" data-e-type=\"widget\" data-widget_type=\"heading.default\">\n\t\t\t\t<div class=\"elementor-widget-container\">\n\t\t\t\t\t<h3 class=\"elementor-heading-title elementor-size-default\">Nosso lema: trabalho, trabalho e trabalho<\/h3>\t\t\t\t<\/div>\n\t\t\t\t<\/div>\n\t\t\t\t<div class=\"elementor-element elementor-element-bc8da12 elementor-widget elementor-widget-text-editor\" data-id=\"bc8da12\" data-element_type=\"widget\" data-e-type=\"widget\" data-widget_type=\"text-editor.default\">\n\t\t\t\t<div class=\"elementor-widget-container\">\n\t\t\t\t\t\t\t\t\t<p>Sem o apoio de volunt\u00e1rios, os projetos sociais do Batu\u00edra n\u00e3o sairiam do papel.<\/p>\n<p><!-- \/wp:paragraph --><\/p>\n<p>S\u00e3o os volunt\u00e1rios que executam e coordenam todos os programas promovidos pelo GEB em diferentes \u00e1reas como as de higiene e sa\u00fade, odontologia, administra\u00e7\u00e3o, artes c\u00eanicas, artesanato, nutri\u00e7\u00e3o, comunica\u00e7\u00f5es, culin\u00e1ria, apoio log\u00edstico e em v\u00e1rias outras frentes de trabalho.<\/p>\t\t\t\t\t\t\t\t<\/div>\n\t\t\t\t<\/div>\n\t\t\t\t<div class=\"elementor-element elementor-element-374cb34 elementor-widget elementor-widget-text-editor\" data-id=\"374cb34\" data-element_type=\"widget\" data-e-type=\"widget\" data-widget_type=\"text-editor.default\">\n\t\t\t\t<div class=\"elementor-widget-container\">\n\t\t\t\t\t\t\t\t\t<blockquote>\n<p><strong>&#8220;Servir \u00e9 a nossa melhor oportunidade.&#8221; &#8211;<\/strong>\u00a0<span style=\"color: var( --e-global-color-text ); font-family: var( --e-global-typography-text-font-family ), Sans-serif;\">Andr\u00e9 Luiz, no livro Respostas da Vida<\/span><\/p>\n<\/blockquote>\t\t\t\t\t\t\t\t<\/div>\n\t\t\t\t<\/div>\n\t\t\t\t<div class=\"elementor-element elementor-element-6e3ff88 elementor-widget elementor-widget-text-editor\" data-id=\"6e3ff88\" data-element_type=\"widget\" data-e-type=\"widget\" data-widget_type=\"text-editor.default\">\n\t\t\t\t<div class=\"elementor-widget-container\">\n\t\t\t\t\t\t\t\t\t<p>S\u00e3o eles que fazem os projetos acontecerem!<\/p>\t\t\t\t\t\t\t\t<\/div>\n\t\t\t\t<\/div>\n\t\t\t\t<div class=\"elementor-element elementor-element-e950cac elementor-widget elementor-widget-heading\" data-id=\"e950cac\" data-element_type=\"widget\" data-e-type=\"widget\" data-widget_type=\"heading.default\">\n\t\t\t\t<div class=\"elementor-widget-container\">\n\t\t\t\t\t<h3 class=\"elementor-heading-title elementor-size-default\">Doe o Seu Tempo<\/h3>\t\t\t\t<\/div>\n\t\t\t\t<\/div>\n\t\t\t\t<div class=\"elementor-element elementor-element-5629ef1 elementor-widget elementor-widget-text-editor\" data-id=\"5629ef1\" data-element_type=\"widget\" data-e-type=\"widget\" data-widget_type=\"text-editor.default\">\n\t\t\t\t<div class=\"elementor-widget-container\">\n\t\t\t\t\t\t\t\t\t<p>N\u00e3o importa sua \u00e1rea de trabalho nem sua profiss\u00e3o, mas o seu talento e disposi\u00e7\u00e3o.<\/p>\n<p><!-- \/wp:paragraph --><!-- wp:paragraph --><\/p>\n<p>Venha participar tamb\u00e9m dessa luta em prol dos que est\u00e3o \u00e0 margem do caminho, doando uma parcela do seu tempo!<\/p>\t\t\t\t\t\t\t\t<\/div>\n\t\t\t\t<\/div>\n\t\t\t\t\t<\/div>\n\t\t<\/div>\n\t\t\t\t\t<\/div>\n\t\t<\/section>\n\t\t\t\t<\/div>\n\t\t","protected":false},"excerpt":{"rendered":"<p>Nosso lema: trabalho, trabalho e trabalho Sem o apoio de volunt\u00e1rios, os projetos sociais do Batu\u00edra n\u00e3o sairiam do papel. S\u00e3o os volunt\u00e1rios que executam e coordenam todos os programas promovidos pelo GEB em diferentes \u00e1reas como as de higiene e sa\u00fade, odontologia, administra\u00e7\u00e3o, artes c\u00eanicas, artesanato, nutri\u00e7\u00e3o, comunica\u00e7\u00f5es, culin\u00e1ria, apoio log\u00edstico e em v\u00e1rias [&hellip;]<\/p>\n","protected":false},"author":1,"featured_media":0,"parent":0,"menu_order":0,"comment_status":"closed","ping_status":"closed","template":"","meta":{"footnotes":""},"class_list":["post-641","page","type-page","status-publish","hentry"],"_links":{"self":[{"href":"https:\/\/daudt.com.br\/geb\/wp-json\/wp\/v2\/pages\/641","targetHints":{"allow":["GET"]}}],"collection":[{"href":"https:\/\/daudt.com.br\/geb\/wp-json\/wp\/v2\/pages"}],"about":[{"href":"https:\/\/daudt.com.br\/geb\/wp-json\/wp\/v2\/types\/page"}],"author":[{"embeddable":true,"href":"https:\/\/daudt.com.br\/geb\/wp-json\/wp\/v2\/users\/1"}],"replies":[{"embeddable":true,"href":"https:\/\/daudt.com.br\/geb\/wp-json\/wp\/v2\/comments?post=641"}],"version-history":[{"count":22,"href":"https:\/\/daudt.com.br\/geb\/wp-json\/wp\/v2\/pages\/641\/revisions"}],"predecessor-version":[{"id":1583,"href":"https:\/\/daudt.com.br\/geb\/wp-json\/wp\/v2\/pages\/641\/revisions\/1583"}],"wp:attachment":[{"href":"https:\/\/daudt.com.br\/geb\/wp-json\/wp\/v2\/media?parent=641"}],"curies":[{"name":"wp","href":"https:\/\/api.w.org\/{rel}","templated":true}]}}