{"id":581,"date":"2024-06-18T13:53:59","date_gmt":"2024-06-18T16:53:59","guid":{"rendered":"https:\/\/daudt.com.br\/geb\/?page_id=581"},"modified":"2024-10-16T03:22:32","modified_gmt":"2024-10-16T06:22:32","slug":"conselho-de-administracao","status":"publish","type":"page","link":"https:\/\/daudt.com.br\/geb\/conselho-de-administracao\/","title":{"rendered":"Conselho de Administra\u00e7\u00e3o"},"content":{"rendered":"\t\t<div data-elementor-type=\"wp-page\" data-elementor-id=\"581\" class=\"elementor elementor-581\">\n\t\t\t\t\t\t<section class=\"elementor-section elementor-top-section elementor-element elementor-element-7194fd0d elementor-section-boxed elementor-section-height-default elementor-section-height-default\" data-id=\"7194fd0d\" data-element_type=\"section\" data-e-type=\"section\">\n\t\t\t\t\t\t<div class=\"elementor-container elementor-column-gap-default\">\n\t\t\t\t\t<div class=\"elementor-column elementor-col-100 elementor-top-column elementor-element elementor-element-4504fa5c\" data-id=\"4504fa5c\" data-element_type=\"column\" data-e-type=\"column\">\n\t\t\t<div class=\"elementor-widget-wrap elementor-element-populated\">\n\t\t\t\t\t\t<div class=\"elementor-element elementor-element-11155ea1 elementor-widget elementor-widget-text-editor\" data-id=\"11155ea1\" data-element_type=\"widget\" data-e-type=\"widget\" data-widget_type=\"text-editor.default\">\n\t\t\t\t<div class=\"elementor-widget-container\">\n\t\t\t\t\t\t\t\t\t<p><\/p>\n<p>Conselho de Administra\u00e7\u00e3o eleito no dia 06 de fevereiro de 2024, durante a 81\u00aa Assembleia Geral Ordin\u00e1ria do Grupo Esp\u00edrita Batu\u00edra, para o tri\u00eanio de 2024\/2027.<\/p>\n<p><\/p>\n<p><\/p>\n<figure class=\"wp-block-table\">\n<table>\n<tbody>\n<tr>\n<th>Cargos<\/th>\n<th>Conselho de Administra\u00e7\u00e3o &#8211; Tri\u00eanio 2024 a 2027<\/th>\n<\/tr>\n<tr>\n<td>Presidente<\/td>\n<td>Marco Antonio Pereira dos Santos<\/td>\n<\/tr>\n<tr>\n<td>Conselheira<\/td>\n<td>Iraci Maria Padr\u00e3o Branchini<\/td>\n<\/tr>\n<tr>\n<td>Conselheiro<\/td>\n<td>Ja\u00edlton da Silva<\/td>\n<\/tr>\n<tr>\n<td>Conselheiro<\/td>\n<td>Claudio Luiz de Florio<\/td>\n<\/tr>\n<tr>\n<td>Conselheiro<\/td>\n<td>Jos\u00e9 Carlos Zaninotti<\/td>\n<\/tr>\n<tr>\n<td>Conselheiro<\/td>\n<td>Adriano Marin de OLliveira<\/td>\n<\/tr>\n<tr>\n<td>Conselheiro<\/td>\n<td>Denisarth Steagall<\/td>\n<\/tr>\n<\/tbody>\n<\/table>\n<\/figure>\n<p><\/p>\n<p><\/p>\n<p><\/p>\t\t\t\t\t\t\t\t<\/div>\n\t\t\t\t<\/div>\n\t\t\t\t\t<\/div>\n\t\t<\/div>\n\t\t\t\t\t<\/div>\n\t\t<\/section>\n\t\t\t\t<\/div>\n\t\t","protected":false},"excerpt":{"rendered":"<p>Conselho de Administra\u00e7\u00e3o eleito no dia 06 de fevereiro de 2024, durante a 81\u00aa Assembleia Geral Ordin\u00e1ria do Grupo Esp\u00edrita Batu\u00edra, para o tri\u00eanio de 2024\/2027. Cargos Conselho de Administra\u00e7\u00e3o &#8211; Tri\u00eanio 2024 a 2027 Presidente Marco Antonio Pereira dos Santos Conselheira Iraci Maria Padr\u00e3o Branchini Conselheiro Ja\u00edlton da Silva Conselheiro Claudio Luiz de Florio [&hellip;]<\/p>\n","protected":false},"author":1,"featured_media":0,"parent":0,"menu_order":0,"comment_status":"closed","ping_status":"closed","template":"","meta":{"footnotes":""},"class_list":["post-581","page","type-page","status-publish","hentry"],"_links":{"self":[{"href":"https:\/\/daudt.com.br\/geb\/wp-json\/wp\/v2\/pages\/581","targetHints":{"allow":["GET"]}}],"collection":[{"href":"https:\/\/daudt.com.br\/geb\/wp-json\/wp\/v2\/pages"}],"about":[{"href":"https:\/\/daudt.com.br\/geb\/wp-json\/wp\/v2\/types\/page"}],"author":[{"embeddable":true,"href":"https:\/\/daudt.com.br\/geb\/wp-json\/wp\/v2\/users\/1"}],"replies":[{"embeddable":true,"href":"https:\/\/daudt.com.br\/geb\/wp-json\/wp\/v2\/comments?post=581"}],"version-history":[{"count":7,"href":"https:\/\/daudt.com.br\/geb\/wp-json\/wp\/v2\/pages\/581\/revisions"}],"predecessor-version":[{"id":1309,"href":"https:\/\/daudt.com.br\/geb\/wp-json\/wp\/v2\/pages\/581\/revisions\/1309"}],"wp:attachment":[{"href":"https:\/\/daudt.com.br\/geb\/wp-json\/wp\/v2\/media?parent=581"}],"curies":[{"name":"wp","href":"https:\/\/api.w.org\/{rel}","templated":true}]}}