{"id":558,"date":"2024-06-18T13:34:12","date_gmt":"2024-06-18T16:34:12","guid":{"rendered":"https:\/\/daudt.com.br\/geb\/?page_id=558"},"modified":"2024-10-16T03:13:25","modified_gmt":"2024-10-16T06:13:25","slug":"douglas-bellini","status":"publish","type":"page","link":"https:\/\/daudt.com.br\/geb\/douglas-bellini\/","title":{"rendered":"Douglas Bellini"},"content":{"rendered":"\t\t<div data-elementor-type=\"wp-page\" data-elementor-id=\"558\" class=\"elementor elementor-558\">\n\t\t\t\t\t\t<section class=\"elementor-section elementor-top-section elementor-element elementor-element-c82b6b9 elementor-section-boxed elementor-section-height-default elementor-section-height-default\" data-id=\"c82b6b9\" data-element_type=\"section\" data-e-type=\"section\">\n\t\t\t\t\t\t<div class=\"elementor-container elementor-column-gap-default\">\n\t\t\t\t\t<div class=\"elementor-column elementor-col-100 elementor-top-column elementor-element elementor-element-5e966d9\" data-id=\"5e966d9\" data-element_type=\"column\" data-e-type=\"column\">\n\t\t\t<div class=\"elementor-widget-wrap elementor-element-populated\">\n\t\t\t\t\t\t<div class=\"elementor-element elementor-element-899234b elementor-widget elementor-widget-heading\" data-id=\"899234b\" data-element_type=\"widget\" data-e-type=\"widget\" data-widget_type=\"heading.default\">\n\t\t\t\t<div class=\"elementor-widget-container\">\n\t\t\t\t\t<h2 class=\"elementor-heading-title elementor-size-default\">Douglas Musset Bellini<\/h2>\t\t\t\t<\/div>\n\t\t\t\t<\/div>\n\t\t\t\t\t<\/div>\n\t\t<\/div>\n\t\t\t\t\t<\/div>\n\t\t<\/section>\n\t\t\t\t<section class=\"elementor-section elementor-top-section elementor-element elementor-element-474ca8d elementor-section-boxed elementor-section-height-default elementor-section-height-default\" data-id=\"474ca8d\" data-element_type=\"section\" data-e-type=\"section\">\n\t\t\t\t\t\t<div class=\"elementor-container elementor-column-gap-default\">\n\t\t\t\t\t<div class=\"elementor-column elementor-col-33 elementor-top-column elementor-element elementor-element-d585b8d\" data-id=\"d585b8d\" data-element_type=\"column\" data-e-type=\"column\">\n\t\t\t<div class=\"elementor-widget-wrap elementor-element-populated\">\n\t\t\t\t\t\t<div class=\"elementor-element elementor-element-ebf0a4f elementor-widget elementor-widget-image\" data-id=\"ebf0a4f\" data-element_type=\"widget\" data-e-type=\"widget\" data-widget_type=\"image.default\">\n\t\t\t\t<div class=\"elementor-widget-container\">\n\t\t\t\t\t\t\t\t\t\t\t\t\t\t\t<img fetchpriority=\"high\" decoding=\"async\" width=\"400\" height=\"389\" src=\"https:\/\/daudt.com.br\/geb\/wp-content\/uploads\/2024\/10\/douglas1.jpeg\" class=\"attachment-large size-large wp-image-964\" alt=\"\" srcset=\"https:\/\/daudt.com.br\/geb\/wp-content\/uploads\/2024\/10\/douglas1.jpeg 400w, https:\/\/daudt.com.br\/geb\/wp-content\/uploads\/2024\/10\/douglas1-300x292.jpeg 300w\" sizes=\"(max-width: 400px) 100vw, 400px\" \/>\t\t\t\t\t\t\t\t\t\t\t\t\t\t\t<\/div>\n\t\t\t\t<\/div>\n\t\t\t\t\t<\/div>\n\t\t<\/div>\n\t\t\t\t<div class=\"elementor-column elementor-col-66 elementor-top-column elementor-element elementor-element-6834781\" data-id=\"6834781\" data-element_type=\"column\" data-e-type=\"column\">\n\t\t\t<div class=\"elementor-widget-wrap elementor-element-populated\">\n\t\t\t\t\t\t<div class=\"elementor-element elementor-element-8144ffc elementor-widget elementor-widget-text-editor\" data-id=\"8144ffc\" data-element_type=\"widget\" data-e-type=\"widget\" data-widget_type=\"text-editor.default\">\n\t\t\t\t<div class=\"elementor-widget-container\">\n\t\t\t\t\t\t\t\t\t<p>Nasceu na cidade de Mat\u00e3o, interior de S\u00e3o Paulo, em 24 de novembro de 1931. Era vi\u00favo da Sra. Rosalina Bellini, com quem teve duas filhas: Vivian e V\u00e2nia; e um filho: Douglas Jr. A fam\u00edlia enriquecida com a chegada de seis netos: Natasha, Carlos, Eduardo, Erick, Marcela e Bruno; e tr\u00eas bisnetos: Luan, Catherine e Luke.<\/p>\n<p>Douglas, antes da funda\u00e7\u00e3o do Grupo Esp\u00edrita Batu\u00edra &#8211; em 15 de janeiro de 1964 &#8211; j\u00e1 conhecia Spartaco Ghilardi, m\u00e9dium not\u00e1vel, possuidor de v\u00e1rias faculdades medi\u00fanicas, e principal fundador do GEB.<\/p>\n<p>Ingressou na Diretoria Executiva da casa, em 1970, e nela permaneceu at\u00e9 1999. Em 2000, com a cria\u00e7\u00e3o do Conselho de Administra\u00e7\u00e3o, foi eleito seu primeiro presidente.<\/p>\t\t\t\t\t\t\t\t<\/div>\n\t\t\t\t<\/div>\n\t\t\t\t\t<\/div>\n\t\t<\/div>\n\t\t\t\t\t<\/div>\n\t\t<\/section>\n\t\t\t\t<section class=\"elementor-section elementor-top-section elementor-element elementor-element-792df68 elementor-section-boxed elementor-section-height-default elementor-section-height-default\" data-id=\"792df68\" data-element_type=\"section\" data-e-type=\"section\">\n\t\t\t\t\t\t<div class=\"elementor-container elementor-column-gap-default\">\n\t\t\t\t\t<div class=\"elementor-column elementor-col-100 elementor-top-column elementor-element elementor-element-84c3968\" data-id=\"84c3968\" data-element_type=\"column\" data-e-type=\"column\">\n\t\t\t<div class=\"elementor-widget-wrap elementor-element-populated\">\n\t\t\t\t\t\t<div class=\"elementor-element elementor-element-234676b elementor-widget elementor-widget-text-editor\" data-id=\"234676b\" data-element_type=\"widget\" data-e-type=\"widget\" data-widget_type=\"text-editor.default\">\n\t\t\t\t<div class=\"elementor-widget-container\">\n\t\t\t\t\t\t\t\t\t<p>O GEB perde um de seus representantes mais ilustres. Douglas foi um batalhador incans\u00e1vel, din\u00e2mico, empreendedor, de temperamento arrojado. Sua lideran\u00e7a fazia-se sentir nas m\u00ednimas atividades. Para os mais \u00edntimos, declarava-se um \u201cfilho de Batu\u00edra\u201d, por sua fidelidade ao GEB e sua identidade com o Esp\u00edrito Batu\u00edra, que nos deixou um legado de muito trabalho na \u00e1rea de divulga\u00e7\u00e3o e pr\u00e1tica da Doutrina Esp\u00edrita e do Evangelho de Jesus.<\/p>\n<p>S\u00e3o dele, iniciativas, como: servi\u00e7o de sopa fraterna, festivas beneficentes, eventos art\u00edsticos e v\u00e1rios outros, visando a integra\u00e7\u00e3o dos associados, frequentadores e simpatizantes do GEB e, tamb\u00e9m, o levantamento de recursos materiais e financeiros para a manuten\u00e7\u00e3o das obras assistenciais.<\/p>\n<p>No in\u00edcio, a sopa era servida \u00e0s pessoas e fam\u00edlias carentes, na sede, no bairro de Perdizes. Depois, ela passou a ser transportada e servida em Vila Brasil\u00e2ndia. \u201cEra um trabalho \u00e1rduo\u201d, declarava Douglas, pois as ruas n\u00e3o eram asfaltadas.<\/p>\n<p>Em 1971, teve ele teve a ideia de sugerir a instala\u00e7\u00e3o do Departamento de Assist\u00eancia Social, no bairro de Vila Brasil\u00e2ndia, pois era l\u00e1, que se encontrava a maioria dos assistidos.<\/p>\n<p>Douglas foi um grande l\u00edder. Talvez o segundo maior l\u00edder da Casa de Pedra de Batu\u00edra, depois de Spartaco Ghilardi. Sua voz era sempre ouvida com aten\u00e7\u00e3o. Se um projeto proposto por ele, fosse votado favoravelmente, ele ia buscar os recursos, sozinho, ou com uma equipe criada para essa finalidade. Ainda na \u00e1rea assistencial foi um dos grandes incentivadores da cria\u00e7\u00e3o da creche \u2013 hoje CEI Batu\u00edra &#8211; fundada em 1984.<\/p>\n<p>No campo doutrin\u00e1rio tamb\u00e9m se destacou com muito dinamismo, entusiasmo e f\u00e9&#8230; e Douglas era um homem de muita f\u00e9. Auxiliou na implanta\u00e7\u00e3o do COEEM. Dirigiu reuni\u00f5es de educa\u00e7\u00e3o e desenvolvimento da mediunidade, reuni\u00f5es de desobsess\u00e3o e ainda fazia palestras doutrin\u00e1rias.<\/p>\n<p>Muitas vezes foi a Uberaba (MG), em companhia do Sr. Spartaco, visitar o m\u00e9dium Francisco C. Xavier, que o recebia sempre com carinho e reconhecimento. Chamava-o de \u201cDuglas\u201d, com acento forte na vogal \u201cu\u201d.<\/p>\n<p>H\u00e1 v\u00e1rias hist\u00f3rias medi\u00fanicas contadas pelo m\u00e9dium Spartaco, tendo como personagem, o nosso querido Douglas.<\/p>\n<p>Uma delas se refere a uma viagem a Uberaba, quando perto de Araras (SP), o carro no qual estavam ele e esposa Rosalina, e mais o casal Spartaco e D. Zita, come\u00e7ou a ratear e n\u00e3o ganhava for\u00e7a para continuar a viagem. Numa concession\u00e1ria de autom\u00f3veis, pr\u00f3xima ao local, foi feita a avalia\u00e7\u00e3o do carro, com o diagn\u00f3stico de que o ve\u00edculo estava bom. Nova tentativa, e nova rateada&#8230; seguida de mudan\u00e7a de plano.<\/p>\n<p>Ent\u00e3o, o dono da concession\u00e1ria, cedeu um carro, com o compromisso de no retorno, efetuar a troca.<\/p>\n<p>Na semana seguinte, numa reuni\u00e3o medi\u00fanica, veio a comunica\u00e7\u00e3o de um Benfeitor espiritual, declarando que o carro original sofreria um acidente se continuasse a viagem. Gra\u00e7as a Deus, tudo foi contornado, nenhum acidente aconteceu. (Livro: Spartaco Hist\u00f3ria de um M\u00e9dium, caso 19).<\/p>\n<p>Douglas, caro amigo e irm\u00e3o de jornada terrena, voc\u00ea est\u00e1 retornando \u00e0 P\u00e1tria espiritual. \u00c9 uma separa\u00e7\u00e3o que d\u00f3i. Vamos sentir muito sua falta. Mas, sabemos que essa aus\u00eancia n\u00e3o \u00e9 para sempre, porque a vida na Terra \u00e9 apenas uma breve passagem do Esp\u00edrito imortal. A vida continua. Estamos convictos dessa verdade.<\/p>\t\t\t\t\t\t\t\t<\/div>\n\t\t\t\t<\/div>\n\t\t\t\t\t<\/div>\n\t\t<\/div>\n\t\t\t\t\t<\/div>\n\t\t<\/section>\n\t\t\t\t<section class=\"elementor-section elementor-top-section elementor-element elementor-element-22fa63f elementor-section-boxed elementor-section-height-default elementor-section-height-default\" data-id=\"22fa63f\" data-element_type=\"section\" data-e-type=\"section\">\n\t\t\t\t\t\t<div class=\"elementor-container elementor-column-gap-default\">\n\t\t\t\t\t<div class=\"elementor-column elementor-col-100 elementor-top-column elementor-element elementor-element-e3699d8\" data-id=\"e3699d8\" data-element_type=\"column\" data-e-type=\"column\">\n\t\t\t<div class=\"elementor-widget-wrap elementor-element-populated\">\n\t\t\t\t\t\t<div class=\"elementor-element elementor-element-5a0c167 elementor-widget elementor-widget-image\" data-id=\"5a0c167\" data-element_type=\"widget\" data-e-type=\"widget\" data-widget_type=\"image.default\">\n\t\t\t\t<div class=\"elementor-widget-container\">\n\t\t\t\t\t\t\t\t\t\t\t\t\t\t\t<img decoding=\"async\" width=\"640\" height=\"233\" src=\"https:\/\/daudt.com.br\/geb\/wp-content\/uploads\/2024\/10\/douglas.jpeg\" class=\"attachment-medium_large size-medium_large wp-image-962\" alt=\"\" srcset=\"https:\/\/daudt.com.br\/geb\/wp-content\/uploads\/2024\/10\/douglas.jpeg 768w, https:\/\/daudt.com.br\/geb\/wp-content\/uploads\/2024\/10\/douglas-300x109.jpeg 300w\" sizes=\"(max-width: 640px) 100vw, 640px\" \/>\t\t\t\t\t\t\t\t\t\t\t\t\t\t\t<\/div>\n\t\t\t\t<\/div>\n\t\t\t\t\t<\/div>\n\t\t<\/div>\n\t\t\t\t\t<\/div>\n\t\t<\/section>\n\t\t\t\t<section class=\"elementor-section elementor-top-section elementor-element elementor-element-0cd5351 elementor-section-boxed elementor-section-height-default elementor-section-height-default\" data-id=\"0cd5351\" data-element_type=\"section\" data-e-type=\"section\">\n\t\t\t\t\t\t<div class=\"elementor-container elementor-column-gap-default\">\n\t\t\t\t\t<div class=\"elementor-column elementor-col-100 elementor-top-column elementor-element elementor-element-ed0432f\" data-id=\"ed0432f\" data-element_type=\"column\" data-e-type=\"column\">\n\t\t\t<div class=\"elementor-widget-wrap elementor-element-populated\">\n\t\t\t\t\t\t<div class=\"elementor-element elementor-element-079c1ee elementor-widget elementor-widget-text-editor\" data-id=\"079c1ee\" data-element_type=\"widget\" data-e-type=\"widget\" data-widget_type=\"text-editor.default\">\n\t\t\t\t<div class=\"elementor-widget-container\">\n\t\t\t\t\t\t\t\t\t<p><span style=\"color: var( --e-global-color-text ); font-family: var( --e-global-typography-text-font-family ), Sans-serif; font-weight: var( --e-global-typography-text-font-weight );\">Douglas Musset Bellini desencarnou em 11 de setembro de 2022, com 90 anos de idade. O sepultamento foi no\u00a0<\/span>dia seguinte, \u00e0s 13h, no Cemit\u00e9rio da Lapa.<\/p>\n<p>Saudade!<\/p>\t\t\t\t\t\t\t\t<\/div>\n\t\t\t\t<\/div>\n\t\t\t\t<div class=\"elementor-element elementor-element-81f724b elementor-widget-divider--view-line elementor-widget elementor-widget-divider\" data-id=\"81f724b\" data-element_type=\"widget\" data-e-type=\"widget\" data-widget_type=\"divider.default\">\n\t\t\t\t<div class=\"elementor-widget-container\">\n\t\t\t\t\t\t\t<div class=\"elementor-divider\">\n\t\t\t<span class=\"elementor-divider-separator\">\n\t\t\t\t\t\t<\/span>\n\t\t<\/div>\n\t\t\t\t\t\t<\/div>\n\t\t\t\t<\/div>\n\t\t\t\t\t<\/div>\n\t\t<\/div>\n\t\t\t\t\t<\/div>\n\t\t<\/section>\n\t\t\t\t<section class=\"elementor-section elementor-top-section elementor-element elementor-element-6b305a8 elementor-section-boxed elementor-section-height-default elementor-section-height-default\" data-id=\"6b305a8\" data-element_type=\"section\" data-e-type=\"section\">\n\t\t\t\t\t\t<div class=\"elementor-container elementor-column-gap-default\">\n\t\t\t\t\t<div class=\"elementor-column elementor-col-100 elementor-top-column elementor-element elementor-element-5d9dc27\" data-id=\"5d9dc27\" data-element_type=\"column\" data-e-type=\"column\">\n\t\t\t<div class=\"elementor-widget-wrap elementor-element-populated\">\n\t\t\t\t\t\t<div class=\"elementor-element elementor-element-cb97022 elementor-widget elementor-widget-text-editor\" data-id=\"cb97022\" data-element_type=\"widget\" data-e-type=\"widget\" data-widget_type=\"text-editor.default\">\n\t\t\t\t<div class=\"elementor-widget-container\">\n\t\t\t\t\t\t\t\t\t<p><b>Texto de\u00a0Geraldo Ribeiro da Silva.<\/b><\/p>\t\t\t\t\t\t\t\t<\/div>\n\t\t\t\t<\/div>\n\t\t\t\t\t<\/div>\n\t\t<\/div>\n\t\t\t\t\t<\/div>\n\t\t<\/section>\n\t\t\t\t<\/div>\n\t\t","protected":false},"excerpt":{"rendered":"<p>Douglas Musset Bellini Nasceu na cidade de Mat\u00e3o, interior de S\u00e3o Paulo, em 24 de novembro de 1931. Era vi\u00favo da Sra. Rosalina Bellini, com quem teve duas filhas: Vivian e V\u00e2nia; e um filho: Douglas Jr. A fam\u00edlia enriquecida com a chegada de seis netos: Natasha, Carlos, Eduardo, Erick, Marcela e Bruno; e tr\u00eas [&hellip;]<\/p>\n","protected":false},"author":1,"featured_media":0,"parent":0,"menu_order":0,"comment_status":"closed","ping_status":"closed","template":"","meta":{"footnotes":""},"class_list":["post-558","page","type-page","status-publish","hentry"],"_links":{"self":[{"href":"https:\/\/daudt.com.br\/geb\/wp-json\/wp\/v2\/pages\/558","targetHints":{"allow":["GET"]}}],"collection":[{"href":"https:\/\/daudt.com.br\/geb\/wp-json\/wp\/v2\/pages"}],"about":[{"href":"https:\/\/daudt.com.br\/geb\/wp-json\/wp\/v2\/types\/page"}],"author":[{"embeddable":true,"href":"https:\/\/daudt.com.br\/geb\/wp-json\/wp\/v2\/users\/1"}],"replies":[{"embeddable":true,"href":"https:\/\/daudt.com.br\/geb\/wp-json\/wp\/v2\/comments?post=558"}],"version-history":[{"count":25,"href":"https:\/\/daudt.com.br\/geb\/wp-json\/wp\/v2\/pages\/558\/revisions"}],"predecessor-version":[{"id":1276,"href":"https:\/\/daudt.com.br\/geb\/wp-json\/wp\/v2\/pages\/558\/revisions\/1276"}],"wp:attachment":[{"href":"https:\/\/daudt.com.br\/geb\/wp-json\/wp\/v2\/media?parent=558"}],"curies":[{"name":"wp","href":"https:\/\/api.w.org\/{rel}","templated":true}]}}