{"id":1083,"date":"2024-10-16T01:26:29","date_gmt":"2024-10-16T04:26:29","guid":{"rendered":"https:\/\/daudt.com.br\/geb\/?page_id=1083"},"modified":"2024-10-17T13:45:02","modified_gmt":"2024-10-17T16:45:02","slug":"familia-assistida","status":"publish","type":"page","link":"https:\/\/daudt.com.br\/geb\/familia-assistida\/","title":{"rendered":"Fam\u00edlia Assistida"},"content":{"rendered":"\t\t<div data-elementor-type=\"wp-page\" data-elementor-id=\"1083\" class=\"elementor elementor-1083\">\n\t\t\t\t<div class=\"elementor-element elementor-element-369fd10 e-flex e-con-boxed e-con e-parent\" data-id=\"369fd10\" data-element_type=\"container\" data-e-type=\"container\">\n\t\t\t\t\t<div class=\"e-con-inner\">\n\t\t<div class=\"elementor-element elementor-element-f4fa659 e-con-full e-flex e-con e-child\" data-id=\"f4fa659\" data-element_type=\"container\" data-e-type=\"container\">\n\t\t\t\t<div class=\"elementor-element elementor-element-cfd33f9 elementor-widget elementor-widget-image\" data-id=\"cfd33f9\" data-element_type=\"widget\" data-e-type=\"widget\" data-widget_type=\"image.default\">\n\t\t\t\t<div class=\"elementor-widget-container\">\n\t\t\t\t\t\t\t\t\t\t\t\t\t\t\t<img fetchpriority=\"high\" decoding=\"async\" width=\"640\" height=\"427\" src=\"https:\/\/daudt.com.br\/geb\/wp-content\/uploads\/2024\/10\/Assistidos-768x512.jpeg\" class=\"attachment-medium_large size-medium_large wp-image-2004\" alt=\"\" srcset=\"https:\/\/daudt.com.br\/geb\/wp-content\/uploads\/2024\/10\/Assistidos-768x512.jpeg 768w, https:\/\/daudt.com.br\/geb\/wp-content\/uploads\/2024\/10\/Assistidos-300x200.jpeg 300w, https:\/\/daudt.com.br\/geb\/wp-content\/uploads\/2024\/10\/Assistidos-1024x683.jpeg 1024w, https:\/\/daudt.com.br\/geb\/wp-content\/uploads\/2024\/10\/Assistidos-1536x1024.jpeg 1536w, https:\/\/daudt.com.br\/geb\/wp-content\/uploads\/2024\/10\/Assistidos-2048x1365.jpeg 2048w\" sizes=\"(max-width: 640px) 100vw, 640px\" \/>\t\t\t\t\t\t\t\t\t\t\t\t\t\t\t<\/div>\n\t\t\t\t<\/div>\n\t\t\t\t<\/div>\n\t\t<div class=\"elementor-element elementor-element-4979371 e-con-full e-flex e-con e-child\" data-id=\"4979371\" data-element_type=\"container\" data-e-type=\"container\">\n\t\t\t\t<div class=\"elementor-element elementor-element-49dc61c elementor-widget elementor-widget-text-editor\" data-id=\"49dc61c\" data-element_type=\"widget\" data-e-type=\"widget\" data-widget_type=\"text-editor.default\">\n\t\t\t\t<div class=\"elementor-widget-container\">\n\t\t\t\t\t\t\t\t\t<p>Fam\u00edlias carentes recebem g\u00eaneros aliment\u00edcios, roupas, cal\u00e7ados por um per\u00edodo m\u00ednimo de seis meses. Uma equipe multidisciplinar oferece orienta\u00e7\u00e3o nas \u00e1reas de Higiene e Sa\u00fade, Forma\u00e7\u00e3o Profissional e Administra\u00e7\u00e3o do Lar.<br \/><br \/>Desde 1972, o objetivo desta atividade \u00e9 atender de forma planejada, continuada e gratuita as fam\u00edlias selecionadas pelos crit\u00e9rios de precariedade econ\u00f4mica, desagrega\u00e7\u00e3o familiar e situa\u00e7\u00e3o de risco, fornecendo-lhes, quinzenalmente, g\u00eaneros b\u00e1sicos necess\u00e1rios \u00e0 sua manuten\u00e7\u00e3o.<\/p>\n<p><!-- \/wp:paragraph --><!-- wp:paragraph --><\/p>\t\t\t\t\t\t\t\t<\/div>\n\t\t\t\t<\/div>\n\t\t\t\t<\/div>\n\t\t\t\t\t<\/div>\n\t\t\t\t<\/div>\n\t\t<div class=\"elementor-element elementor-element-9d5e893 e-flex e-con-boxed e-con e-parent\" data-id=\"9d5e893\" data-element_type=\"container\" data-e-type=\"container\">\n\t\t\t\t\t<div class=\"e-con-inner\">\n\t\t\t\t<div class=\"elementor-element elementor-element-493a307 elementor-widget elementor-widget-text-editor\" data-id=\"493a307\" data-element_type=\"widget\" data-e-type=\"widget\" data-widget_type=\"text-editor.default\">\n\t\t\t\t<div class=\"elementor-widget-container\">\n\t\t\t\t\t\t\t\t\t<p>A cada quinze dias, a fam\u00edlia, previamente selecionada, \u00e9 visitada por uma equipe de volunt\u00e1rios, que analisa as necessidades b\u00e1sicas. A partir da\u00ed, a fam\u00edlia \u00e9 encaminha \u00e0 Unidade Assistencial Dona Aninha para busca de solu\u00e7\u00f5es para os problemas mais urgentes. O objetivo \u00e9 viabilizar todos juntos um ambiente mais salubre, produtivo e socialmente justo.<\/p>\n<p><!-- \/wp:paragraph --><!-- wp:paragraph --><\/p>\n<p>Paralelamente, alguns membros dessas fam\u00edlias s\u00e3o encaminhados para os cursos de orienta\u00e7\u00e3o e forma\u00e7\u00e3o profissional que s\u00e3o oferecidos pelo GEB. Com capacita\u00e7\u00e3o e treinamento, os assistidos t\u00eam mais facilidade de entrar no mercado de trabalho e viver com seus pr\u00f3prios recursos.<\/p>\n<p><!-- \/wp:paragraph --><!-- wp:paragraph --><\/p>\n<p>Al\u00e9m disso, uma equipe multidisciplinar oferece orienta\u00e7\u00e3o nas \u00e1reas de Higiene e Sa\u00fade, Forma\u00e7\u00e3o Profissional e Administra\u00e7\u00e3o do Lar.<\/p>\n<p><!-- \/wp:paragraph --><!-- wp:heading {\"level\":3} --><\/p>\t\t\t\t\t\t\t\t<\/div>\n\t\t\t\t<\/div>\n\t\t\t\t<div class=\"elementor-element elementor-element-f36975a elementor-widget elementor-widget-image\" data-id=\"f36975a\" data-element_type=\"widget\" data-e-type=\"widget\" data-widget_type=\"image.default\">\n\t\t\t\t<div class=\"elementor-widget-container\">\n\t\t\t\t\t\t\t\t\t\t\t\t\t\t\t<img decoding=\"async\" width=\"640\" height=\"427\" src=\"https:\/\/daudt.com.br\/geb\/wp-content\/uploads\/2024\/10\/Familia-assistida-768x512.jpeg\" class=\"attachment-medium_large size-medium_large wp-image-2000\" alt=\"\" srcset=\"https:\/\/daudt.com.br\/geb\/wp-content\/uploads\/2024\/10\/Familia-assistida-768x512.jpeg 768w, https:\/\/daudt.com.br\/geb\/wp-content\/uploads\/2024\/10\/Familia-assistida-300x200.jpeg 300w, https:\/\/daudt.com.br\/geb\/wp-content\/uploads\/2024\/10\/Familia-assistida-1024x683.jpeg 1024w, https:\/\/daudt.com.br\/geb\/wp-content\/uploads\/2024\/10\/Familia-assistida-1536x1024.jpeg 1536w, https:\/\/daudt.com.br\/geb\/wp-content\/uploads\/2024\/10\/Familia-assistida-2048x1365.jpeg 2048w\" sizes=\"(max-width: 640px) 100vw, 640px\" \/>\t\t\t\t\t\t\t\t\t\t\t\t\t\t\t<\/div>\n\t\t\t\t<\/div>\n\t\t\t\t<div class=\"elementor-element elementor-element-0a3fcbb elementor-widget elementor-widget-heading\" data-id=\"0a3fcbb\" data-element_type=\"widget\" data-e-type=\"widget\" data-widget_type=\"heading.default\">\n\t\t\t\t<div class=\"elementor-widget-container\">\n\t\t\t\t\t<h3 class=\"elementor-heading-title elementor-size-default\">Atividades que promovem o Ser Humano<\/h3>\t\t\t\t<\/div>\n\t\t\t\t<\/div>\n\t\t\t\t<div class=\"elementor-element elementor-element-6708b84 elementor-widget elementor-widget-text-editor\" data-id=\"6708b84\" data-element_type=\"widget\" data-e-type=\"widget\" data-widget_type=\"text-editor.default\">\n\t\t\t\t<div class=\"elementor-widget-container\">\n\t\t\t\t\t\t\t\t\t<p>A cada quinze dias, as Fam\u00edlias Assistidas se deslocam at\u00e9 nossa unidade assistencial, onde desenvolvem atividades, conforme a faixa et\u00e1ria de cada componente.<\/p>\n<p><!-- \/wp:paragraph --><!-- wp:heading {\"level\":4} --><\/p>\t\t\t\t\t\t\t\t<\/div>\n\t\t\t\t<\/div>\n\t\t\t\t<div class=\"elementor-element elementor-element-e75b751 elementor-widget elementor-widget-heading\" data-id=\"e75b751\" data-element_type=\"widget\" data-e-type=\"widget\" data-widget_type=\"heading.default\">\n\t\t\t\t<div class=\"elementor-widget-container\">\n\t\t\t\t\t<h4 class=\"elementor-heading-title elementor-size-default\">CRIAN\u00c7AS<\/h4>\t\t\t\t<\/div>\n\t\t\t\t<\/div>\n\t\t\t\t<div class=\"elementor-element elementor-element-ddf7a2b elementor-widget elementor-widget-text-editor\" data-id=\"ddf7a2b\" data-element_type=\"widget\" data-e-type=\"widget\" data-widget_type=\"text-editor.default\">\n\t\t\t\t<div class=\"elementor-widget-container\">\n\t\t\t\t\t\t\t\t\t<ul class=\"wp-block-list\">\n<li>Aprimoramento das atividades motoras atrav\u00e9s de desenhos e trabalhos manuais.<\/li>\n<!-- \/wp:list-item --><!-- wp:list-item -->\n<li>Aulas de Educa\u00e7\u00e3o Moral<\/li>\n<!-- \/wp:list-item --><!-- wp:list-item -->\n<li>Incentivo por meio de atividades l\u00fadicas na brinquedoteca ao reconhecimento da crian\u00e7a em seu grupo social.<\/li>\n<!-- \/wp:list-item --><!-- wp:list-item -->\n<li>Forma\u00e7\u00e3o do esp\u00edrito de religiosidade.<\/li>\n<!-- \/wp:list-item --><\/ul>\n<p><!-- \/wp:list --><!-- wp:heading {\"level\":4} --><\/p>\t\t\t\t\t\t\t\t<\/div>\n\t\t\t\t<\/div>\n\t\t\t\t<div class=\"elementor-element elementor-element-6d8d52a elementor-widget elementor-widget-heading\" data-id=\"6d8d52a\" data-element_type=\"widget\" data-e-type=\"widget\" data-widget_type=\"heading.default\">\n\t\t\t\t<div class=\"elementor-widget-container\">\n\t\t\t\t\t<h4 class=\"elementor-heading-title elementor-size-default\">JOVENS<\/h4>\t\t\t\t<\/div>\n\t\t\t\t<\/div>\n\t\t\t\t<div class=\"elementor-element elementor-element-2f2c793 elementor-widget elementor-widget-text-editor\" data-id=\"2f2c793\" data-element_type=\"widget\" data-e-type=\"widget\" data-widget_type=\"text-editor.default\">\n\t\t\t\t<div class=\"elementor-widget-container\">\n\t\t\t\t\t\t\t\t\t<ul class=\"wp-block-list\">\n<li>Palestras com profissionais de reconhecida reputa\u00e7\u00e3o em seus campos de atividade sobre motiva\u00e7\u00e3o, incentivo \u00e0 empregabilidade, forma\u00e7\u00e3o do car\u00e1ter, relacionamento interpessoal, combate ao alcoolismo e depend\u00eancia de drogas, atitude moral e de bons costumes, comportamento familiar e no\u00e7\u00f5es de economia.<\/li>\n<!-- \/wp:list-item --><!-- wp:list-item -->\n<li>Visitas monitoradas a espa\u00e7os culturais e museus da cidade, objetivando o incentivo ao conhecimento e \u00e0 cidadania.<\/li>\n<!-- \/wp:list-item --><!-- wp:list-item -->\n<li>Atividades interativas, usando como ferramenta recursos audiovisuais, visando \u00e0 integra\u00e7\u00e3o do jovem \u00e0 sociedade.<\/li>\n<!-- \/wp:list-item --><!-- wp:list-item -->\n<li>Oportunidade de frequ\u00eancia a cursos e oficinas<\/li>\n<!-- \/wp:list-item --><!-- wp:list-item -->\n<li>Forma\u00e7\u00e3o do esp\u00edrito de religiosidade.<\/li>\n<\/ul>\t\t\t\t\t\t\t\t<\/div>\n\t\t\t\t<\/div>\n\t\t\t\t<div class=\"elementor-element elementor-element-762bbe6 elementor-widget elementor-widget-heading\" data-id=\"762bbe6\" data-element_type=\"widget\" data-e-type=\"widget\" data-widget_type=\"heading.default\">\n\t\t\t\t<div class=\"elementor-widget-container\">\n\t\t\t\t\t<h4 class=\"elementor-heading-title elementor-size-default\">M\u00c3ES E PAIS<\/h4>\t\t\t\t<\/div>\n\t\t\t\t<\/div>\n\t\t\t\t<div class=\"elementor-element elementor-element-b41f4bd elementor-widget elementor-widget-text-editor\" data-id=\"b41f4bd\" data-element_type=\"widget\" data-e-type=\"widget\" data-widget_type=\"text-editor.default\">\n\t\t\t\t<div class=\"elementor-widget-container\">\n\t\t\t\t\t\t\t\t\t<ul class=\"wp-block-list\">\n<li>Reuni\u00f5es interativas visando ao resgate do indiv\u00edduo na sociedade como um cidad\u00e3o pleno.<\/li>\n<!-- \/wp:list-item --><!-- wp:list-item -->\n<li>Palestras com profissionais da \u00e1rea sobre sa\u00fade da mulher, acompanhamento m\u00e9dico, tratamento do alcoolismo e depend\u00eancia de drogas, relacionamento interpessoal, depress\u00e3o, relacionamento familiar com no\u00e7\u00f5es sobre as consequ\u00eancias criminais das agress\u00f5es dos companheiros \u00e0s suas mulheres, incentivo \u00e0 procura de emprego, economia dom\u00e9stica, melhor aproveitamento de alimentos.<\/li>\n<!-- \/wp:list-item --><!-- wp:list-item -->\n<li>Encaminhamento para as consultas m\u00e9dicas e odontol\u00f3gicas fraternas.<\/li>\n<!-- \/wp:list-item --><!-- wp:list-item -->\n<li>Encaminhamento, em caso de necessidade, ao Atendimento Jur\u00eddico Fraterno.<\/li>\n<!-- \/wp:list-item --><!-- wp:list-item -->\n<li>Oportunidade de frequ\u00eancia aos Cursos de Padeiro e Confeiteiro, Costureira de M\u00e1quina Reta e Overloque, Modelista de Roupas, Oficinas de Corte e Costura e Artesanato mantidos pelo GEB.<\/li>\n<!-- \/wp:list-item --><!-- wp:list-item -->\n<li>Forma\u00e7\u00e3o do esp\u00edrito de religiosidade.<\/li>\n<!-- \/wp:list-item --><!-- wp:list-item -->\n<li>Acompanhamento, atrav\u00e9s de equipes espec\u00edficas de volunt\u00e1rios, a fim de que no per\u00edodo em que as fam\u00edlias passam no programa, possam ser incentivadas individualmente a tomar atitudes proativas visando \u00e0 melhoria da sua condi\u00e7\u00e3o social.<\/li>\n<\/ul>\t\t\t\t\t\t\t\t<\/div>\n\t\t\t\t<\/div>\n\t\t\t\t<div class=\"elementor-element elementor-element-1d845a9 elementor-widget elementor-widget-image\" data-id=\"1d845a9\" data-element_type=\"widget\" data-e-type=\"widget\" data-widget_type=\"image.default\">\n\t\t\t\t<div class=\"elementor-widget-container\">\n\t\t\t\t\t\t\t\t\t\t\t\t\t\t\t<img decoding=\"async\" width=\"640\" height=\"427\" src=\"https:\/\/daudt.com.br\/geb\/wp-content\/uploads\/2024\/10\/Bercario-familia-assistida--768x512.jpeg\" class=\"attachment-medium_large size-medium_large wp-image-2011\" alt=\"\" srcset=\"https:\/\/daudt.com.br\/geb\/wp-content\/uploads\/2024\/10\/Bercario-familia-assistida--768x512.jpeg 768w, https:\/\/daudt.com.br\/geb\/wp-content\/uploads\/2024\/10\/Bercario-familia-assistida--300x200.jpeg 300w, https:\/\/daudt.com.br\/geb\/wp-content\/uploads\/2024\/10\/Bercario-familia-assistida--1024x683.jpeg 1024w, https:\/\/daudt.com.br\/geb\/wp-content\/uploads\/2024\/10\/Bercario-familia-assistida--1536x1024.jpeg 1536w, https:\/\/daudt.com.br\/geb\/wp-content\/uploads\/2024\/10\/Bercario-familia-assistida--2048x1365.jpeg 2048w\" sizes=\"(max-width: 640px) 100vw, 640px\" \/>\t\t\t\t\t\t\t\t\t\t\t\t\t\t\t<\/div>\n\t\t\t\t<\/div>\n\t\t\t\t<div class=\"elementor-element elementor-element-e835c85 elementor-widget elementor-widget-heading\" data-id=\"e835c85\" data-element_type=\"widget\" data-e-type=\"widget\" data-widget_type=\"heading.default\">\n\t\t\t\t<div class=\"elementor-widget-container\">\n\t\t\t\t\t<h3 class=\"elementor-heading-title elementor-size-default\">Volunt\u00e1rios que fazem a Diferen\u00e7a!<\/h3>\t\t\t\t<\/div>\n\t\t\t\t<\/div>\n\t\t\t\t<div class=\"elementor-element elementor-element-451b003 elementor-widget elementor-widget-text-editor\" data-id=\"451b003\" data-element_type=\"widget\" data-e-type=\"widget\" data-widget_type=\"text-editor.default\">\n\t\t\t\t<div class=\"elementor-widget-container\">\n\t\t\t\t\t\t\t\t\t<p>No programa Fam\u00edlia Assistida, os volunt\u00e1rios se dividem em duas equipes: uma de visita\u00e7\u00e3o externa e outra de atendimento interno.<\/p>\n<p><!-- \/wp:paragraph --><!-- wp:paragraph --><\/p>\t\t\t\t\t\t\t\t<\/div>\n\t\t\t\t<\/div>\n\t\t\t\t<div class=\"elementor-element elementor-element-d42c9da elementor-widget elementor-widget-n-accordion\" data-id=\"d42c9da\" data-element_type=\"widget\" data-e-type=\"widget\" data-settings=\"{&quot;default_state&quot;:&quot;all_collapsed&quot;,&quot;max_items_expended&quot;:&quot;one&quot;,&quot;n_accordion_animation_duration&quot;:{&quot;unit&quot;:&quot;ms&quot;,&quot;size&quot;:400,&quot;sizes&quot;:[]}}\" data-widget_type=\"nested-accordion.default\">\n\t\t\t\t<div class=\"elementor-widget-container\">\n\t\t\t\t\t\t\t<div class=\"e-n-accordion\" aria-label=\"Accordion. Open links with Enter or Space, close with Escape, and navigate with Arrow Keys\">\n\t\t\t\t\t\t<details id=\"e-n-accordion-item-2220\" class=\"e-n-accordion-item\" >\n\t\t\t\t<summary class=\"e-n-accordion-item-title\" data-accordion-index=\"1\" tabindex=\"0\" aria-expanded=\"false\" aria-controls=\"e-n-accordion-item-2220\" >\n\t\t\t\t\t<span class='e-n-accordion-item-title-header'><div class=\"e-n-accordion-item-title-text\"> Clique aqui para acessar os hor\u00e1rios <\/div><\/span>\n\t\t\t\t\t\t\t<span class='e-n-accordion-item-title-icon'>\n\t\t\t<span class='e-opened' ><i aria-hidden=\"true\" class=\"fas fa-minus\"><\/i><\/span>\n\t\t\t<span class='e-closed'><i aria-hidden=\"true\" class=\"fas fa-plus\"><\/i><\/span>\n\t\t<\/span>\n\n\t\t\t\t\t\t<\/summary>\n\t\t\t\t<div role=\"region\" aria-labelledby=\"e-n-accordion-item-2220\" class=\"elementor-element elementor-element-ed708ae e-con-full e-flex e-con e-child\" data-id=\"ed708ae\" data-element_type=\"container\" data-e-type=\"container\">\n\t\t\t\t<div class=\"elementor-element elementor-element-95baf5d elementor-widget elementor-widget-text-editor\" data-id=\"95baf5d\" data-element_type=\"widget\" data-e-type=\"widget\" data-widget_type=\"text-editor.default\">\n\t\t\t\t<div class=\"elementor-widget-container\">\n\t\t\t\t\t\t\t\t\t<table class=\"grid listing\">\n<tbody>\n<tr>\n<th> \n<ul>\n<li>UNIDADE BRASIL\u00c2NDIA (Rua Jorge Pires Ramalho n\u00ba 70 &#8211; Vila Brasil\u00e2ndia<\/li>\n<\/ul>\n<\/th>\n<\/tr>\n<\/tbody>\n<\/table>\n<table class=\"grid listing\">\n<tbody>\n<tr>\n<th>FAM\u00cdLIA ASSISTIDA<\/th><th>Hor\u00e1rios<\/th><th>Observa\u00e7\u00f5es de Trabalho<\/th>\n<\/tr>\n<tr>\n<td>S\u00e1bados<\/td>\n<td>8h30 \u00e0s 12h30<\/td>\n<td>Reuni\u00f5es Internas nos primeiros e terceiros s\u00e1bados de cada m\u00eas.<\/td>\n<\/tr>\n<tr>\n<td>S\u00e1bados<\/td>\n<td>8h00 \u00e0s 13h00<\/td>\n<td>Visita\u00e7\u00e3o Externa nos segundos e quartos s\u00e1bados de cada m\u00eas.<\/td>\n<\/tr>\n<tr>\n<td>S\u00e1bados<\/td>\n<td>8h00 \u00e0s 13h00<\/td>\n<td>Triagem e Acompanhamento: primeiros e terceiros s\u00e1bados de cada m\u00eas.<\/td>\n<\/tr>\n<tr>\n<td>S\u00e1bados<\/td>\n<td>8h30 \u00e0s 12h30<\/td>\n<td>EEI: Grupo de Apoio Dona Aninha \u00e0s crian\u00e7as das fam\u00edlias assistidas.<\/td>\n<\/tr>\n<\/tbody>\n<\/table>\t\t\t\t\t\t\t\t<\/div>\n\t\t\t\t<\/div>\n\t\t\t\t<\/div>\n\t\t\t\t\t<\/details>\n\t\t\t\t\t<\/div>\n\t\t\t\t\t\t<\/div>\n\t\t\t\t<\/div>\n\t\t\t\t\t<\/div>\n\t\t\t\t<\/div>\n\t\t\t\t<\/div>\n\t\t","protected":false},"excerpt":{"rendered":"<p>Fam\u00edlias carentes recebem g\u00eaneros aliment\u00edcios, roupas, cal\u00e7ados por um per\u00edodo m\u00ednimo de seis meses. Uma equipe multidisciplinar oferece orienta\u00e7\u00e3o nas \u00e1reas de Higiene e Sa\u00fade, Forma\u00e7\u00e3o Profissional e Administra\u00e7\u00e3o do Lar. Desde 1972, o objetivo desta atividade \u00e9 atender de forma planejada, continuada e gratuita as fam\u00edlias selecionadas pelos crit\u00e9rios de precariedade econ\u00f4mica, desagrega\u00e7\u00e3o familiar [&hellip;]<\/p>\n","protected":false},"author":1,"featured_media":0,"parent":0,"menu_order":0,"comment_status":"closed","ping_status":"closed","template":"","meta":{"footnotes":""},"class_list":["post-1083","page","type-page","status-publish","hentry"],"_links":{"self":[{"href":"https:\/\/daudt.com.br\/geb\/wp-json\/wp\/v2\/pages\/1083","targetHints":{"allow":["GET"]}}],"collection":[{"href":"https:\/\/daudt.com.br\/geb\/wp-json\/wp\/v2\/pages"}],"about":[{"href":"https:\/\/daudt.com.br\/geb\/wp-json\/wp\/v2\/types\/page"}],"author":[{"embeddable":true,"href":"https:\/\/daudt.com.br\/geb\/wp-json\/wp\/v2\/users\/1"}],"replies":[{"embeddable":true,"href":"https:\/\/daudt.com.br\/geb\/wp-json\/wp\/v2\/comments?post=1083"}],"version-history":[{"count":38,"href":"https:\/\/daudt.com.br\/geb\/wp-json\/wp\/v2\/pages\/1083\/revisions"}],"predecessor-version":[{"id":2026,"href":"https:\/\/daudt.com.br\/geb\/wp-json\/wp\/v2\/pages\/1083\/revisions\/2026"}],"wp:attachment":[{"href":"https:\/\/daudt.com.br\/geb\/wp-json\/wp\/v2\/media?parent=1083"}],"curies":[{"name":"wp","href":"https:\/\/api.w.org\/{rel}","templated":true}]}}